{"id":25,"date":"2016-12-16T12:26:26","date_gmt":"2016-12-16T10:26:26","guid":{"rendered":"http:\/\/akquinet-security.blog\/?page_id=25"},"modified":"2024-01-08T14:15:27","modified_gmt":"2024-01-08T13:15:27","slug":"impressum","status":"publish","type":"page","link":"https:\/\/sast-solutions.de\/blog-de\/impressum\/","title":{"rendered":"Impressum"},"content":{"rendered":"<section class=\"content-section absatz-mit-zwei-spalten with-margin-to-prev-el \">\n<div class=\"collapse row\">\n<div class=\"columns small-12 medium-6\">\n<section class=\"section-picture-text\">\n<div class=\"columns small-12 medium-6\">\n<div class=\"row\"><\/div>\n<\/div>\n<\/section>\n<\/div>\n<\/div>\n<\/section>\n<div class=\"collapse row\">\n<div class=\"columns small-12 medium-6\">\n<section class=\"section-picture-text\">\n<div class=\"columns small-12 medium-6\">\n<div class=\"row\"><\/div>\n<\/div>\n<\/section>\n<\/div>\n<\/div>\n<section class=\" with-margin-to-prev-el \">\n<div class=\"row collapse\">\n<div class=\"columns small-12\">\n<div class=\"coltext\">\n<p><strong>Pathlock Deutschland GmbH<\/strong><br \/>\nWerner Otto-Str. 6<br \/>\n22179 Hamburg | Deutschland<\/p>\n<p>+49 40 23 96 95 12-0<br \/>\n<a href=\"mailto:hamburg@pathlock.de\" target=\"_blank\" rel=\"noopener\">hamburg@pathlock.com<\/a><br \/>\nwww.pathlock.com\/de<\/p>\n<p>Registergericht: Hamburg<br \/>\nRegisternummer: HRB 177409<br \/>\nUmsatzsteuer-Identnummer: DE 354 299 683<\/p>\n<p>Gesch\u00e4ftsf\u00fchrung: Ralf Kempf<\/p>\n<p><strong>Haftungshinweis:<\/strong><br \/>\nPathlock \u00fcbernimmt keine Gew\u00e4hr f\u00fcr die Aktualit\u00e4t, Richtigkeit und Vollst\u00e4ndigkeit der Informationen auf diesen Seiten oder den jederzeitigen st\u00f6rungsfreien Zugang. Wenn wir auf Internetseiten Dritter verweisen (Links), \u00fcbernimmt Pathlock trotz sorgf\u00e4ltiger inhaltlicher Kontrolle keine Haftung f\u00fcr die Inhalte externer Links. F\u00fcr den Inhalt der verlinkten Seiten sind ausschlie\u00dflich deren Betreiber verantwortlich. Mit dem Bet\u00e4tigen des Verweises verlassen Sie das Informationsangebot. Weiterhin schlie\u00dft Pathlock die Haftung bei Serviceleistungen aus, insbesondere die beim Download zur Verf\u00fcgung gestellten Dateien auf den Internetseiten von Pathlock.<\/p>\n<p><strong>Pathlock Inc.<\/strong><br \/>\n8111 Lyndon B Johnson Fwy<br \/>\nTX 75251 Dallas | USA<\/p>\n<p>+1-469-965-1592<\/p>\n<\/div>\n<\/div>\n<\/div>\n<\/section>\n","protected":false},"excerpt":{"rendered":"<p>Pathlock Deutschland GmbH Werner Otto-Str. 6 22179 Hamburg | Deutschland +49 40 23 96 95 12-0 hamburg@pathlock.com www.pathlock.com\/de Registergericht: Hamburg Registernummer: HRB 177409 Umsatzsteuer-Identnummer: DE 354 299 683 Gesch\u00e4ftsf\u00fchrung: Ralf Kempf Haftungshinweis: Pathlock \u00fcbernimmt keine Gew\u00e4hr f\u00fcr die Aktualit\u00e4t, Richtigkeit und Vollst\u00e4ndigkeit der Informationen auf diesen Seiten oder den jederzeitigen st\u00f6rungsfreien Zugang. Wenn wir auf [&hellip;]<\/p>\n","protected":false},"author":3,"featured_media":0,"parent":0,"menu_order":0,"comment_status":"closed","ping_status":"closed","template":"","meta":{"footnotes":""},"class_list":["post-25","page","type-page","status-publish","hentry"],"yoast_head":"<!-- This site is optimized with the Yoast SEO plugin v27.2 - https:\/\/yoast.com\/product\/yoast-seo-wordpress\/ -->\n<title>Impressum Pathlock Deutschland GmbH zuvor SAST SOLUTIONS<\/title>\n<meta name=\"description\" content=\"Amtliche Informationen zu den SAST SOLUTIONS finden Sie in unserem Impressum. Hierzu geh\u00f6ren Adresse, Kontaktm\u00f6glichkeit und Haftungshinweise.\" \/>\n<meta name=\"robots\" content=\"index, follow, max-snippet:-1, max-image-preview:large, max-video-preview:-1\" \/>\n<link rel=\"canonical\" href=\"https:\/\/sast-solutions.de\/blog-de\/impressum\/\" \/>\n<meta property=\"og:locale\" content=\"de_DE\" \/>\n<meta property=\"og:type\" content=\"article\" \/>\n<meta property=\"og:title\" content=\"Impressum Pathlock Deutschland GmbH zuvor SAST SOLUTIONS\" \/>\n<meta property=\"og:description\" content=\"Amtliche Informationen zu den SAST SOLUTIONS finden Sie in unserem Impressum. Hierzu geh\u00f6ren Adresse, Kontaktm\u00f6glichkeit und Haftungshinweise.\" \/>\n<meta property=\"og:url\" content=\"https:\/\/sast-solutions.de\/blog-de\/impressum\/\" \/>\n<meta property=\"og:site_name\" content=\"SAST BLOG\" \/>\n<meta property=\"article:modified_time\" content=\"2024-01-08T13:15:27+00:00\" \/>\n<meta name=\"twitter:card\" content=\"summary_large_image\" \/>\n<meta name=\"twitter:label1\" content=\"Gesch\u00e4tzte Lesezeit\" \/>\n\t<meta name=\"twitter:data1\" content=\"1\u00a0Minute\" \/>\n<script type=\"application\/ld+json\" class=\"yoast-schema-graph\">{\"@context\":\"https:\/\/schema.org\",\"@graph\":[{\"@type\":\"WebPage\",\"@id\":\"https:\/\/sast-solutions.de\/blog-de\/impressum\/\",\"url\":\"https:\/\/sast-solutions.de\/blog-de\/impressum\/\",\"name\":\"Impressum Pathlock Deutschland GmbH zuvor SAST SOLUTIONS\",\"isPartOf\":{\"@id\":\"https:\/\/sast-solutions.de\/blog-de\/#website\"},\"datePublished\":\"2016-12-16T10:26:26+00:00\",\"dateModified\":\"2024-01-08T13:15:27+00:00\",\"description\":\"Amtliche Informationen zu den SAST SOLUTIONS finden Sie in unserem Impressum. Hierzu geh\u00f6ren Adresse, Kontaktm\u00f6glichkeit und Haftungshinweise.\",\"breadcrumb\":{\"@id\":\"https:\/\/sast-solutions.de\/blog-de\/impressum\/#breadcrumb\"},\"inLanguage\":\"de\",\"potentialAction\":[{\"@type\":\"ReadAction\",\"target\":[\"https:\/\/sast-solutions.de\/blog-de\/impressum\/\"]}]},{\"@type\":\"BreadcrumbList\",\"@id\":\"https:\/\/sast-solutions.de\/blog-de\/impressum\/#breadcrumb\",\"itemListElement\":[{\"@type\":\"ListItem\",\"position\":1,\"name\":\"Startseite\",\"item\":\"https:\/\/sast-solutions.de\/blog-de\/\"},{\"@type\":\"ListItem\",\"position\":2,\"name\":\"Impressum\"}]},{\"@type\":\"WebSite\",\"@id\":\"https:\/\/sast-solutions.de\/blog-de\/#website\",\"url\":\"https:\/\/sast-solutions.de\/blog-de\/\",\"name\":\"SAST BLOG\",\"description\":\"SAP Application Security &amp; Access Governance\",\"publisher\":{\"@id\":\"https:\/\/sast-solutions.de\/blog-de\/#organization\"},\"potentialAction\":[{\"@type\":\"SearchAction\",\"target\":{\"@type\":\"EntryPoint\",\"urlTemplate\":\"https:\/\/sast-solutions.de\/blog-de\/?s={search_term_string}\"},\"query-input\":{\"@type\":\"PropertyValueSpecification\",\"valueRequired\":true,\"valueName\":\"search_term_string\"}}],\"inLanguage\":\"de\"},{\"@type\":\"Organization\",\"@id\":\"https:\/\/sast-solutions.de\/blog-de\/#organization\",\"name\":\"SAST BLOG\",\"url\":\"https:\/\/sast-solutions.de\/blog-de\/\",\"logo\":{\"@type\":\"ImageObject\",\"inLanguage\":\"de\",\"@id\":\"https:\/\/sast-solutions.de\/blog-de\/#\/schema\/logo\/image\/\",\"url\":\"https:\/\/sast-solutions.de\/blog-de\/wp-content\/uploads\/2022\/06\/cropped-Logo_SAST-PLG_2205.png\",\"contentUrl\":\"https:\/\/sast-solutions.de\/blog-de\/wp-content\/uploads\/2022\/06\/cropped-Logo_SAST-PLG_2205.png\",\"width\":232,\"height\":232,\"caption\":\"SAST BLOG\"},\"image\":{\"@id\":\"https:\/\/sast-solutions.de\/blog-de\/#\/schema\/logo\/image\/\"}}]}<\/script>\n<!-- \/ Yoast SEO plugin. -->","yoast_head_json":{"title":"Impressum Pathlock Deutschland GmbH zuvor SAST SOLUTIONS","description":"Amtliche Informationen zu den SAST SOLUTIONS finden Sie in unserem Impressum. Hierzu geh\u00f6ren Adresse, Kontaktm\u00f6glichkeit und Haftungshinweise.","robots":{"index":"index","follow":"follow","max-snippet":"max-snippet:-1","max-image-preview":"max-image-preview:large","max-video-preview":"max-video-preview:-1"},"canonical":"https:\/\/sast-solutions.de\/blog-de\/impressum\/","og_locale":"de_DE","og_type":"article","og_title":"Impressum Pathlock Deutschland GmbH zuvor SAST SOLUTIONS","og_description":"Amtliche Informationen zu den SAST SOLUTIONS finden Sie in unserem Impressum. Hierzu geh\u00f6ren Adresse, Kontaktm\u00f6glichkeit und Haftungshinweise.","og_url":"https:\/\/sast-solutions.de\/blog-de\/impressum\/","og_site_name":"SAST BLOG","article_modified_time":"2024-01-08T13:15:27+00:00","twitter_card":"summary_large_image","twitter_misc":{"Gesch\u00e4tzte Lesezeit":"1\u00a0Minute"},"schema":{"@context":"https:\/\/schema.org","@graph":[{"@type":"WebPage","@id":"https:\/\/sast-solutions.de\/blog-de\/impressum\/","url":"https:\/\/sast-solutions.de\/blog-de\/impressum\/","name":"Impressum Pathlock Deutschland GmbH zuvor SAST SOLUTIONS","isPartOf":{"@id":"https:\/\/sast-solutions.de\/blog-de\/#website"},"datePublished":"2016-12-16T10:26:26+00:00","dateModified":"2024-01-08T13:15:27+00:00","description":"Amtliche Informationen zu den SAST SOLUTIONS finden Sie in unserem Impressum. Hierzu geh\u00f6ren Adresse, Kontaktm\u00f6glichkeit und Haftungshinweise.","breadcrumb":{"@id":"https:\/\/sast-solutions.de\/blog-de\/impressum\/#breadcrumb"},"inLanguage":"de","potentialAction":[{"@type":"ReadAction","target":["https:\/\/sast-solutions.de\/blog-de\/impressum\/"]}]},{"@type":"BreadcrumbList","@id":"https:\/\/sast-solutions.de\/blog-de\/impressum\/#breadcrumb","itemListElement":[{"@type":"ListItem","position":1,"name":"Startseite","item":"https:\/\/sast-solutions.de\/blog-de\/"},{"@type":"ListItem","position":2,"name":"Impressum"}]},{"@type":"WebSite","@id":"https:\/\/sast-solutions.de\/blog-de\/#website","url":"https:\/\/sast-solutions.de\/blog-de\/","name":"SAST BLOG","description":"SAP Application Security &amp; Access Governance","publisher":{"@id":"https:\/\/sast-solutions.de\/blog-de\/#organization"},"potentialAction":[{"@type":"SearchAction","target":{"@type":"EntryPoint","urlTemplate":"https:\/\/sast-solutions.de\/blog-de\/?s={search_term_string}"},"query-input":{"@type":"PropertyValueSpecification","valueRequired":true,"valueName":"search_term_string"}}],"inLanguage":"de"},{"@type":"Organization","@id":"https:\/\/sast-solutions.de\/blog-de\/#organization","name":"SAST BLOG","url":"https:\/\/sast-solutions.de\/blog-de\/","logo":{"@type":"ImageObject","inLanguage":"de","@id":"https:\/\/sast-solutions.de\/blog-de\/#\/schema\/logo\/image\/","url":"https:\/\/sast-solutions.de\/blog-de\/wp-content\/uploads\/2022\/06\/cropped-Logo_SAST-PLG_2205.png","contentUrl":"https:\/\/sast-solutions.de\/blog-de\/wp-content\/uploads\/2022\/06\/cropped-Logo_SAST-PLG_2205.png","width":232,"height":232,"caption":"SAST BLOG"},"image":{"@id":"https:\/\/sast-solutions.de\/blog-de\/#\/schema\/logo\/image\/"}}]}},"_links":{"self":[{"href":"https:\/\/sast-solutions.de\/blog-de\/wp-json\/wp\/v2\/pages\/25","targetHints":{"allow":["GET"]}}],"collection":[{"href":"https:\/\/sast-solutions.de\/blog-de\/wp-json\/wp\/v2\/pages"}],"about":[{"href":"https:\/\/sast-solutions.de\/blog-de\/wp-json\/wp\/v2\/types\/page"}],"author":[{"embeddable":true,"href":"https:\/\/sast-solutions.de\/blog-de\/wp-json\/wp\/v2\/users\/3"}],"replies":[{"embeddable":true,"href":"https:\/\/sast-solutions.de\/blog-de\/wp-json\/wp\/v2\/comments?post=25"}],"version-history":[{"count":23,"href":"https:\/\/sast-solutions.de\/blog-de\/wp-json\/wp\/v2\/pages\/25\/revisions"}],"predecessor-version":[{"id":3502,"href":"https:\/\/sast-solutions.de\/blog-de\/wp-json\/wp\/v2\/pages\/25\/revisions\/3502"}],"wp:attachment":[{"href":"https:\/\/sast-solutions.de\/blog-de\/wp-json\/wp\/v2\/media?parent=25"}],"curies":[{"name":"wp","href":"https:\/\/api.w.org\/{rel}","templated":true}]}}